 (105 + -18 - 58)?
-24
What is -5 + (-4 - -11) + -2 + -10?
-10
Evaluate 2 + 6 + (-7 - 8) + 5 + -3.
-5
What is the value of ((2 - 2) + -2 - -6) + 1006 + -1007?
3
What is the value of 0 + -10 - (-38 - -37)?
-9
What is the value of (-15 - (-5 - -10)) + 11 - -16?
7
What is the value of (-8 - (-3 + 2)) + 15 - -3?
11
0 + -21 + 11 - 0
-10
33 + -9 + -16 - 11 - (-1 + -27)
25
What is the value of 10 + -13 + -8 - -3?
-8
What is 2 - (7 - 15) - 4?
6
114 - 85 - (1 - (-2 - (-3 + 3)))
26
3 - (-50 + 37 + -10 + 2 + -1)
25
Evaluate (0 - 0) + -2 - (-21 - (-23 + -8)).
-12
31 + (-19 - -30) - 63
-21
What is the value of -11 + (-3 - -39 - -5)?
30
Calculate (-7 - -14) + (1 - 7) + -3 + 3.
1
Evaluate (-6 - 18) + 19 - (-3 - -14).
-16
Evaluate (-2 - 12) + (2 - 0) - (73 - 65).
-20
Evaluate -610 + 602 + (-5 + 3 - -1).
-9
Evaluate (-3 - 4 - 2) + (-64 - -79).
6
What is the value of -3 + (2 - (0 - -6) - -7)?
0
Calculate 5 + 10 + (-5 + 10 + 0 - 8).
12
What is the value of (15 - 2) + (-14 - (-5 + -1))?
5
Calculate (-21 - (0 + -7)) + -2.
-16
What is the value of (2 - 14) + (-10 - -15)?
-7
What is 0 + (-13 - (-8 + (3 - -4)))?
-12
Calculate (-5 - -1 - (-58 - -50)) + (-1 - 10).
-7
What is 32 + (10 - 25 - -5)?
22
(-13 - -22) + (1 - 5) - (-29 + 27)
7
Evaluate (-30 + 12 - (-2 - 5 - -1)) + 3.
-9
Evaluate 0 + -9 + 10 - (-14 + 7).
8
What is 8 - (-3 - -18 - 10)?
3
Evaluate 8 + -25 + 2 + 8.
-7
What is the value of -34 + -2 + 904 + -890?
-22
Evaluate -6 - -3 - ((8 - 14) + (1 - -1)).
1
Evaluate (-2 + -2 - 0) + (13 - (14 + -2)).
-3
What is 4 + -1 + (3 - 9) + 1?
-2
What is (37 - 8 - 28) + 1?
2
12 + -11 + -9 + (12 - 0)
4
Calculate -8 - (-14 + (5 - -2)) - -7.
6
What is the value of -9 + (-1 - (8 + 0 + -28)) + -11?
-1
What is 21 + (5 - 29) - (-2 + -18)?
17
Calculate 0 - -2 - (9 + (-4 - -4 - 2)).
-5
What is the value of -6 + (10 - -4) + 5?
13
35 + (-11 - 23) + 0
1
9 + -135 - -135 - (0 + (1 - -5))
3
Evaluate (-4 + -1 - (67 - 68)) + 6 + -13.
-11
Evaluate (-27 - -38) + -7 + 14 + -9.
9
Calculate -16 + 21 + (18 - 20).
3
What is 780 + -767 + 0 + 0 + -7?
6
Evaluate (-31 + 38 - (3 + -1)) + -1 + -18.
-14
Calculate -8 + (-9 + -1 - 19) + 9 + 7.
-21
What is -16 - (-7 - (-9 - -26)) - 28?
-20
What is -314 + 315 + (1 - (1 - 15)) + -2?
14
-35 - (-10 + 2) - (-4 - (1 + -2))
-24
What is 3 - (8 + -2) - 5?
-8
Calculate 0 - 6 - 1 - (101 - 99).
-9
Calculate 6 - (-7 - (-41 - -21)).
-7
Calculate (-2 - 1) + (1 - (10 + 1 - 8)).
-5
What is 22 - (-26 + 44) - (1 + (-4 - 2))?
9
Evaluate (18 - 6) + -14 - 5.
-7
What is the value of -3 + -11 + (1 + -1 - 1)?
-15
Calculate -1 - -5 - (-26 + (78 - 64)).
16
Calculate (2 - 2 - -1) + -7 - (7 + 1).
-14
Calculate -12 + (5 - (-3 - 0)) + 6.
2
Evaluate (-5 - 4 - (-3 - -1)) + -2.
-9
-30 + -22 + 51 - (1 + 5 + -1)
-6
What is 0 + -23 + 32 + (0 - 11) + -30?
-32
Evaluate (4 - (-1 - 1) - -25 - -4) + -8.
27
(5 + -6 - (1 + -1)) + 2 - -15
16
What is the value of 21 - 11 - (-3 + -1 - -9)?
5
Evaluate (-62 - (-97 - -32)) + 4 + (1 - -1).
9
9 + 23 + 8 + -18
22
(-9 - -1) + (3 - -7 - (-5 - -3))
4
Calculate 17 - (-13 + 29) - (3 + 13).
-15
What is -3 + (15 - -3 - 1)?
14
Evaluate -3 - 7 - -13 - (12 - 11).
2
What is the value of 20 - (50 - 38) - (14 - 1)?
-5
What is the value of -3 + 3 + (8 + -3 + 16 - 3)?
18
Calculate (-1 - 22) + 13 - -6.
-4
Evaluate -31 + (1 - 18) + 64.
16
Evaluate -7 - -2 - (2 + -7 + -10).
10
6 + 7 + 0 - 7
6
Calculate -9 - (23 + -13 + -21 - (-2 - -12)).
12
What is the value of -13 - (1 - 1 - -4 - 7) - -2?
-8
What is -22 + (2 - 10) + 22?
-8
What is the value of 14 - (-5 + 9 - -15 - 9)?
4
What is 777 + -788 + (-2 - 1 - -3 - 15)?
-26
Evaluate -21 + -1 + 2 + 5 + -2.
-17
Evaluate 106 + (3 - 105) - (1 + (28 - 1)).
-24
Calculate -783 + 778 + -2 + (1 - -1) + 34.
29
Evaluate 23 + (-1 - (-2 - 0 - (3 + 7))).
34
Evaluate -32 + 42 - (20 + 1).
-11
Evaluate -1 - -13 - ((9 - -6) + (-3 - 8)).
8
Evaluate (55 - 58) + (4 - -2 - 1).
2
(-1 - -1) + 15 + (-17 - -1)
-1
What is 2 + -1 + -15 - (-250 + 252)?
-16
2 - (9 - (-9 + -2 + 3))
-15
What is the value of 41 - (1 + (3 - (12 - 24)))?
25
What is -5 - (2 + -13 + 10)?
-4
What is 0 + 1 - (-10 - (-10 - -6 - 0))?
7
What is -16 + 7 + 11 - ((-3 - -9) + -15)?
11
6 + (-14 - -15) + -27
-20
Calculate (8 - (13 - 31)) + -13.
13
What is -18 + 10 + (-5 - (7 - 12))?
-8
Evaluate 17 + (6 - 12) - 14.
-3
Calculate -2 + 1 + -2 - (-7 - -13 - 18).
9
Calculate -1 + -10 + 0 + 9 + -1.
-3
Evaluate (9 - (-1 - -2) - -1) + (-1631 - -1627).
5
-3 + -1 - (-7 + -2 + -1 - 5)
11
Calculate -48 + 19 + 43 + -46.
-32
Evaluate -11 + (1 - -4 - (-78 - -101)).
-29
9 + 10 - (-41 + 67)
-7
What is the value of (-1 - (-10 + 11)) + (-2 - (-2 - -5))?
-7
What is the value of -13 - (5 + (-23 - -3))?
2
Evaluate 6 - (11 + -11 - 0 - (4 - 2)).
8
Evaluate 17 + 0 - (-233 - -265).
-15
-3 + 23 + -3 - 4 - 27
-14
What is the value of 7 + -14 + 9 + -8 + -4 + -1?
-11
What is the value of (-5 - 1 - (10 + -18)) + (8 - 7)?
3
Evaluate (45 + -6 - 22) + -33.
-16
What is the value of 2 + (1 - (-14 + 4))?
13
-49 + 34 + (2 - -5) - -6
-2
-16 - (-8 - (-5 + 5 - 8) - 6)
-10
What is the value of 2 + 0 - 9 - -13?
6
Evaluate -8 + (1 + -1 - (4 + -11 - -9)).
-10
Evaluate -28 + 1 + (147 - 130).
-10
Calculate -54 + -14 + -29 + 85.
-12
Calculate -6 + (11 - (13 + -11) - 3).
0
-4 - (5 - -25 - 48)
14
What is the value of 71 - 75 - (1 + -26 - -3)?
18
What is 4 + 16 - 53 - -14?
-19
What is the value of 6 - 6 - (27 + -13)?
-14
What is (-1 - 17 - (-135 + 120)) + 11 + 1?
9
What is -12 + 13 + 2 - (-9 + 6)?
6
Calculate -9 - -1 - (15 + (-7 - -10) - 11).
-15
-3 - -4 - ((-36 - -39) + 0 + 4)
-6
What is 2 + -1 + 1 - (38 + -38 + 1)?
1
What is -5 - (-22 - 17) - 8 - 0?
26
What is -195 + 155 - (1 + -12)?
-29
17 + -26 + (15 - 1)
5
3 + (-9 - -2) + 13
9
(-1 - (19 + -2)) + (7 - 0) + -2
-13
-4 + (0 + -1 - (-20 - -4) - 0)
11
What is the value of -22 - (0 + (-2 - 10))?
-10
Calculate (-19 - 35) + 0 + 26.
-28
-10 + (-2 + 5 - (0 - (2 + -4)))
-9
What is the value of -18 + (19 - -31) - 18?
14
Evaluate -2 + (11 - 3) + -24 + 10.
-8
Calculate -112 + 123 - (23 + 1).
-13
-7 + -5 + (25 - 25) + 4
-8
9 + (5 - (8 - 7)) + -8
5
What is the value of -7 - (-8 + 2 - 5 - -1)?
3
What is 57 - 66 - (-1 - (5 + -13))?
-16
Calculate 0 + -4 - (-23 + 0 - 7 - -10).
16
What is 2 - (48 - 3) - -21?
-22
45 - (-4 + 7) - 23
19
What is 2 - 1 - (-18 + 23 + 1)?
-5
What is 0 - -8 - ((-3 - (3 - 7)) + 0)?
7
What is the value of -8 - (-25 - -14) - -7?
10
What is -4 + (-2 - 6) + -12 + 14 + -17?
-27
Calculate 3 - (-2 - (1 + -2)) - (-534 + 559).
-21
Evaluate -84 - -86 - (-12 + -4).
18
-17 - -2 - (12 - 51 - -41)
-17
Evaluate -10 - (11 - 18) - 4.
-7
What is the value of 0 + (-17 - -8) + -2 + (3 - -2)?
-6
Calculate 2 - 14 - (946 + -954).
-4
Calculate 25 + 7 - 0 - 16.
16
Evaluate -16 - (-25 + 16) - (15 + -2) - -4.
-16
What is 4 - (11 + (-46 - -23))?
16
What is -14 - (3 + (-13 - 0) - (-11 - -2))?
-13
What is the value of (-1 - -5) + 5 + -3?
6
What is -1 + 1 + (1 - (-9 + (1 - -10)))?
-1
What is the value of -32 - (-21 + 8 + (-5 - -7))?
-21
Evaluate 0 + 15 + -13 - -18.
20
5 + -7 - -32 - (-5 + 14)
21
What is the value of (1 - -1) + 6 - 18?
-10
60 + (-28 - -8) - 44
-4
What is the value of -6 + (2 - (3 + -3)) - (3 + -10)?
3
Evaluate -5 - (-6 - (-6 - -2 - -11)).
8
What is 10 + (-20 - (-25 - -1))?
14
Evaluate 14 + (-35 - 0) + (-41 - -27).
-35
Evaluate 29 + (17 + -44 - 7).
-5
2 + (-1 - -4) - (0 + 7 - -4)
-6
Evaluate -6 - (23 - 37) - ((-1 - -1) + 3).
5
Calculate -6 + (-5 - -1) + (-8 - (-6 - 1)).
-11
Evaluate 4 - (10 + (-10 - -7)) - 0.
-3
1 - (10 - (-2 + (2 - (-2 - 1))))
-6
What is (0 + 2 - (4 + 2)) + -6 + 1?
-9
What is the value of -6 + -34 + (-14 - -39)?
-15
Calculate -7 - (2 - 0 - 10 - -11 - 6).
-4
What is 18 - (17 + 0 - 6)?
7
What is the value of -6 - ((-5 - 10) + 5)?
4
Evaluate 20 + (-14 - -2 - 1).
7
What is -9 - (-1 - 0) - (1 - 1)?
-8
Evaluate -41 + (37 - 28) + 5.
-27
Evaluate -3 - (-5 - (17 - 13)).
6
What is the value of (-8 - (-3 - (-1 - -20) - 9)) + 3?
26
Evaluate -6 - (20 + -26 + -7).
7
Evaluate (7 - 0) + -24 + 10 - (3 + -3).
-7
Evaluate -1 + (-4 - (2 - 10)) + 8.
11
Calculate -5 - (-2 - ((-26 - -28) + (0 - 8))).
-9
Evaluate -10 + (19 - ((2 - -2) + 6)).
-1
(4 + (-5 + -2 - -6) - 2) + -6
-5
What is the value of -2 - (3 + (9 - 8))?
-6
Evaluate -3 + 2 + 0 + (-9 - (12 - 9)).
-13
What is (24 + -28 - 5) + -9?
-18
Calculate -41 - 